derivative of 2/3*h**3 + 0 - 3/2*h**2 + 5/12*h**4 + 1/20*h**5 + 4*h. Calculate z(-4).
-3
Let i be 4*((-15)/(-12) + -2). Let m(x) = 3*x + 9. Let f(h) = h + 3. Let n(g) = 11*f(g) - 4*m(g). Give n(i).
0
Let x(o) = -o - 1. Suppose 7*y = 2*y - 75. Let p = -14 - y. Determine x(p).
-2
Let p(h) = 4*h**2 + 2*h + 1. Let q(k) = -9*k**2 - 5*k - 3. Let o(x) = -5*p(x) - 2*q(x). Let t(i) = -i - 15. Let j = -29 + 16. Let d be t(j). Give o(d).
-7
Suppose 2*l + 10 = 4*l. Let m(b) = b**3 + 6 - l*b**2 + 4*b + 3*b - 2*b**3. Let g be -2*((4 - 2) + 1). Calculate m(g).
0
Suppose 0 = 2*r - 0*r. Let h(u) = u + 3. Let l be h(r). Let j(f) = f**3 - 2*f**2 - 2*f - 1. Give j(l).
2
Suppose 2*t + 44 = 6*t. Let v = -8 + t. Let y(o) = -5 + 8 - 3*o - o**2 + 3*o - v*o. Calculate y(-3).
3
Suppose -3*u + 4*u = 5*r + 13, -u = 3*r + 3. Let y(b) = -u + 0 + b - 1 + 2. Let h = 0 + 5. Determine y(h).
3
Let d = -6 + 4. Let k be (15/6)/(d/4). Let f(m) = m**2 + 8*m + 7. Determine f(k).
-8
Let o = 21 + -27. Let w(c) = -c**2 - 4*c + 3. Give w(o).
-9
Let k(v) = -v**3 - v + 1. Let n(w) = -6*w**3 + 6*w**2 - 9*w + 4. Let x(t) = -5*k(t) + n(t). Give x(5).
4
Let b(y) = 53*y**2 + 10*y + 6 - 54*y**2 - 14. Give b(6).
16
Let g(h) = -h**2 + 11*h - 10. Let w = -17 - -24. What is g(w)?
18
Suppose 9*s - 3*s + 18 = 0. Let a(k) = 4*k - 4. Calculate a(s).
-16
Suppose 10 + 20 = 6*u. Suppose -9 = -2*r + u*r - 3*m, 0 = -4*r - 5*m + 15. Let j(a) = 11 - 5 + a + 1. Calculate j(r).
7
Let x(n) = n + 17. Let t(l) = 3*l - 39. Let m be t(13). Calculate x(m).
17
Let w(p) = 1. Let m(g) = -g**3 + 8*g**2 - 7*g + 2. Let x(a) = -m(a) + 3*w(a). What is x(7)?
1
Let n(g) = 2*g + 7. Let d be (-99)/(-21) + 4/14. Suppose 5*a - 21 = d*t + 6*a, -3*t - 35 = -5*a. Let m be n(t). Let u(q) = 2*q**2 + 4*q. What is u(m)?
6
Suppose 6*d - 4*d = 0. Suppose 2*r + 0*r - 6 = d. Let y(q) = -5*q + 3*q - 3*q**2 - 2 + q**3 - 1. Give y(r).
-9
Let f(r) = 5*r + 0 - 5*r - 2 - r. Determine f(0).
-2
Let a = 5 - 13. Let m be 8/a - 2*-1. Let h(t) = 8*t**2 + 7*t**2 - 7*t**2. Calculate h(m).
8
Let r be (-38)/(-57) + 16/3. Let c(m) = -2*m + 3. Calculate c(r).
-9
Suppose -2*b - 2*b - 4 = 0. Let t(v) = -90*v - 98*v + 184*v. What is t(b)?
4
Let r = 11 + -5. Let z = r - 5. Let v(d) = -d**3 + d**2 - 1. Let m be v(z). Let i(q) = 4*q**3 - 2*q**2 - q. Calculate i(m).
-5
Suppose 5*y - y - 18 = 5*v, -3*v - 4 = y. Let s(r) be the first derivative of 1/3*r**3 - 3 - 4*r + 1/2*r**y. Give s(-4).
8
Suppose -3*f = 12, 4*k + 0*f = -f - 28. Let n = k - -5. Let d(c) = c**2 + c - 1. Determine d(n).
-1
Let w(i) be the third derivative of i**4/12 - 5*i**3/6 + 39*i**2. What is w(5)?
5
Let n(q) be the third derivative of q**5/60 + q**4/3 + 5*q**3/3 - 19*q**2. Determine n(-7).
3
Let r(j) = -3*j + 2. Let w(c) = -4*c + 3. Let i(q) = -3*r(q) + 2*w(q). Suppose -y = 24 - 29. Give i(y).
5
Suppose -3*k - 39 = -9. Let w = -5 - k. Let x(t) = 3*t + 10. Let z(c) = c + 1. Let m(b) = x(b) - 5*z(b). Determine m(w).
-5
Let s(x) be the second derivative of 1/3*x**3 + 0*x**2 + 0 - 2*x + 0*x**4 + 1/120*x**5. Let k(f) be the second derivative of s(f). What is k(0)?
0
Let d(b) be the third derivative of -b**4/12 + b**2. Give d(1).
-2
Let t(a) = -a - 2 - 2*a + 4*a - 8. Let m be t(5). Let f(g) = -g**2 - 3*g + 7. Give f(m).
-3
Let d(i) = 17*i**2 - 11*i + 11. Let g(b) = -11*b**2 + 7*b - 7. Let z(t) = -5*d(t) - 8*g(t). What is z(2)?
11
Let g(f) be the third derivative of -f**7/2520 + f**6/144 - f**5/30 - f**4/24 - 3*f**2. Let d(q) be the second derivative of g(q). Determine d(5).
-4
Let x(p) = -p**2 - 6*p + 6. Let i be x(-7). Suppose 0 = -j - 0 + 3. Let c(k) = 2 - 3*k + 2 - j. Determine c(i).
4
Let s(n) be the third derivative of -n**5/60 + n**4/24 + n**3/3 + 3*n**2. What is s(-2)?
-4
Let r(s) = 2*s**3 - 17*s**2 + 13*s - 4. Let v(c) = -c**3 + 8*c**2 - 6*c + 2. Let x(k) = -4*r(k) - 9*v(k). Calculate x(3).
-5
Suppose -2*x = x. Let s(c) = -c - 4 + 6 + 2 + c**2. Let d be s(x). Let i(f) = -f**2 + 6*f - 1. Give i(d).
7
Suppose 3*d - 14 + 2 = 0. Let m(l) = -3*l**2 - l - 7*l + d*l**2 + 4 + 2. What is m(6)?
-6
Suppose 3*c + 0*j = -2*j + 10, 2*c + 20 = 4*j. Suppose g = -c*g + x + 3, g - 1 = -x. Let i(n) = 0*n - 2 + 3*n**2 + 0*n - g*n. What is i(2)?
6
Let l(w) = 3*w + 7. Suppose -2*d + 8 = -4*r - 0, -4*d + r + 9 = 0. Let p be (-4 + d)*(-10)/(-4). Determine l(p).
-8
Let m(i) = -4*i - 2. Suppose 6*s - 3*s = a + 10, -18 = -a - 4*s. Calculate m(a).
-10
Suppose -1 = j - 2. Suppose -2*o + 5 = 1, 0 = -i - 2*o - j. Let l(n) = n**2 - 1. Let y(d) = -5*d**2 + 3*d - 1. Let x(a) = -6*l(a) - y(a). What is x(i)?
-3
Let d(f) = 6*f**2 + 1 - 7*f**2 + 2*f - 2 - f**2. Calculate d(1).
-1
Suppose -2*p + 1 - 11 = 0. Let i be (-3)/(-6) + (-2)/4. Let o(l) = i*l**3 + 1 - 2 - l**3 - 5*l**2. Give o(p).
-1
Suppose -5*m + 11 = -4. Suppose -u - 1 + 4 = 2*l, 0 = 3*u + 9. Let q(c) = 2 + 2 - 3 - l*c. Give q(m).
-8
Let a(l) = -l**2 - 4*l + 2 - l + 11*l - 7*l. What is a(3)?
-10
Let t(n) = 2*n**2 + 14*n - 4. Let p be t(-7). Let o(h) = 2*h - 5. Calculate o(p).
-13
Let x = 2 - -3. Let f(h) be the second derivative of -1/3*h**4 + 0 - 2*h**2 + h - 1/3*h**3 - 1/20*h**x. What is f(-4)?
4
Let l(r) = 6*r - 1. Let c = -141 + 144. What is l(c)?
17
Let f(i) = -3*i**2 - 16*i + 25. Let p(t) = -t**2 - 8*t + 12. Let s(x) = -2*f(x) + 5*p(x). Calculate s(7).
3
Let i(c) = -c. Let g = 9 - 4. What is i(g)?
-5
Let a(l) = 2 - 6*l + 58*l**2 - l**3 - 53*l**2 + 1. Let p = 3 - -1. Determine a(p).
-5
Let x be (-6)/(-2) - (-5 + 3). Let z = x + -4. Let d(g) = -4*g. What is d(z)?
-4
Suppose -4*a + 7 = -1. Let g(c) = -3*c**2 + 2*c - 3. What is g(a)?
-11
Let d(t) = -t**3 - 4*t**2 - 2*t + 3. Let a(p) = -3*p**2 + 6*p - 4. Let o be a(2). Calculate d(o).
11
Let v(q) = 2*q**3 + 26*q**2 + q + 7. Let w be v(-13). Let r(x) = -x**3 - 7*x**2 - 6*x + 2. Determine r(w).
2
Let z(r) = -5*r + 5. Let b(p) = 6*p - 6. Let o(j) = -6*b(j) - 7*z(j). Let d be (4 + -3)*(2 + -8). Let g be (-28)/d + (-4)/(-12). What is o(g)?
-4
Let m(r) = -r**2 + r. Let o(k) = k**2 - 2*k. Let l(q) = 5*m(q) + 4*o(q). Suppose -12 = 5*w - 2*c, 2*w - w - 16 = 5*c. Give l(w).
-4
Let t(d) = 2*d - 1 - 1 - 3*d. Suppose -5*f - 8 + 43 = 5*h, 5*h = 4*f + 17. What is t(f)?
-4
Let l(h) be the second derivative of 0 + 3*h + 1/6*h**3 - h**2. Let n be (-2)/8 - 2/(-8). Determine l(n).
-2
Let u(h) be the third derivative of h**4/24 - 5*h**3/6 + 9*h**2. Calculate u(4).
-1
Let t be 2 + -1 + 2 + -1. Let m(h) = 2*h**2 + 2*h - 4*h**2 + 3*h**2 - h**3 + 1 + 0*h**t. What is m(2)?
1
Let g(i) = 3*i**3 - 2*i**3 - 116*i**2 + i + 111*i**2. What is g(5)?
5
Let n(y) be the third derivative of -y**2 + 1/8*y**4 + 0*y**3 + 0*y + 0. Give n(2).
6
Let j(w) = -w**2 + 4*w + 7. Let v be j(5). Let k be (5 - v)*(-1)/(-3). Let o(r) be the third derivative of r**4/8 - r**3/6 + 19*r**2. Give o(k).
2
Let a(f) = f**3 + f**2 - 2*f - 1. Suppose -s - 15 = 4*s. Determine a(s).
-13
Suppose -7*x - 20 = -2*x. Let t(b) = -b**3 - 3*b**2 + 3*b + 1. Determine t(x).
5
Let l(o) be the third derivative of -o**4/12 + o**3/6 - 3*o**2. Give l(-5).
11
Let g(x) be the first derivative of -x**4/4 - 2*x**3 + 5*x**2/2 - 2*x + 33. Calculate g(-7).
12
Let f be (-7 + 6)/((-2)/6). Let o(c) = 3 - c - f + 2. Give o(4).
-2
Let g(i) = i**2 - i + 3. Let z be g(0). Let p be (1 + 0)/(z - 2). Let y(w) = 2*w**3 - 2*w**2 + w. What is y(p)?
1
Let c(i) = i + 1. Let v(w) = w**3 - 5*w**2 + 3. Let u be v(5). Suppose -n = 2*y - u*y - 6, 4*n - 14 = -y. Determine c(y).
-1
Let m(b) = -b**2 + 6*b + 7. Let p be m(7). Let h(n) = -1 + p - 2*n + 3*n. Suppose -3*f = -16 + 4. What is h(f)?
3
Let k(f) = f**2. Let w = 59 - 58. Give k(w).
1
Let r(s) = 2*s - 7. Let z(n) = -n + 7. Let l(c) = 3*r(c) + 4*z(c). What is l(-5)?
-3
Let k be ((-2)/(-6))/((-1)/3). Let u(z) = -5*z - 1. Let l be u(k). Let w(m) = -5 - 57*m - l*m**2 + 55*m - 2*m**3 + m**3. What is w(-4)?
3
Let b(n) be the first derivative of n**4/24 + n**3/3 + 2*n**2 - 3. Let x(u) be the second derivative of b(u). Determine x(-3).
-1
Let v(o) = -o**3 + 7*o**2 + o - 4. Let g be v(7). Let w(r) = -g*r + 2*r - 7 + 8 - 3*r - 2*r**2. Determine w(-3).
-5
Let h = -15 - -13. Let a be (-4)/h + 3 + -4. Let b(j) = 6*j**2 + j. Calculate b(a).
7
Let m be (-8)/48 + (-3)/(-18). Let a be 6/9 - 2/3. Let b(z) = 3 - 3*z + 2*z + a*z. What is b(m)?
3
Let t(d) = -d**3 - 10*d**2 - d - 12. Suppose 